3. Calculate q(w).
-47
Let n(y) be the third derivative of -y**4/24 - 10*y**3/3 - y**2. Let v = 192613 + -192623. Determine n(v).
-10
Let s(y) be the third derivative of -y**4/12 - 2*y**3/3 - y**2 + 122. Suppose 0 = -5*g - 5*g - 70. Determine s(g).
10
Let x(b) be the third derivative of 3*b**5/20 - 19*b**4/8 + 13*b**3/3 + 543*b**2 - b + 2. Calculate x(6).
8
Let v(l) = -497*l - 4. Let y be v(0). Let s(f) be the second derivative of -f**4/12 + f**3/2 + 3*f**2/2 - 4*f. Give s(y).
-25
Let r(x) = 2*x + 1. Let j be (-3 - 81)*(-2)/(1 + 1). Let c be (-6)/4*j/(-18). Give r(c).
15
Let v(k) be the first derivative of k**4/4 - 4*k**3/3 + 6*k**2 - 27*k + 3447. Calculate v(3).
0
Let n(k) = k**2 - 12*k - 20. Suppose -2*v = -8*o + 7*o + 9, -5*o - 3*v = 20. Let u(h) = -h - 3. Let x(c) = o*n(c) + 2*u(c). Determine x(10).
14
Let p(q) = q - 1 + 6 - 3. Let k be (-5)/2*(-8 - -2)*(-32)/96. Calculate p(k).
-3
Let y(x) = -6*x**3 - 67*x**2 - 5*x + 2. Let h(p) = 5*p**3 + 58*p**2 + 5*p - 1. Let r(q) = 7*h(q) + 6*y(q). Let j = 7 - 2. Give r(j).
5
Let z(s) = -1512*s + 758*s + 753*s + 2 - 3. Suppose -12 = -6*r - 0*r. Give z(r).
-3
Let s(z) = z**2 - 19*z - 1. Suppose -55*y - 69 = -3*c - 58*y, 2*c = -4*y + 54. Calculate s(c).
-1
Suppose 5*l = o + 154, -3*l + 16*o = 17*o - 86. Let d(t) = 15*t**2 - 451*t + 20. Calculate d(l).
-10
Let o(g) = g + 6. Let a(x) = 5*x - 42 - 6 - 8 - 2. Let z be a(13). Give o(z).
13
Let m(i) = 2*i**3 + 45*i**2 - 23*i - 12. Let w be ((-19)/38 + (-5 - 342/(-12)))*-1. Calculate m(w).
-12
Let z(a) be the second derivative of 10*a - 1/2*a**3 - 1/2*a**4 - a**2 + 0. Let h be z(-1). Let x(r) = -2*r - 2. What is x(h)?
8
Let g = 10 - 0. Let o(m) = 2*m**2 - m - 1. Let h(r) = 5*r**2 - 13*r + 3. Let x(l) = -h(l) + 2*o(l). Determine x(g).
5
Let m(a) = 3*a + 36. Let d be m(-10). Let o(i) = 1 + i + 0 + d. Give o(-7).
0
Let k(q) = 1372*q + 12. Let b(n) = -305*n - 3. Let r(c) = -9*b(c) - 2*k(c). Suppose -5*o - 3*t + 4 = 39, 0 = 3*o - 5*t - 13. Calculate r(o).
-1
Let w(f) = f - 12. Let b(j) = j**2 - 9*j + 28. Let g be b(21). Suppose 286*q = g*q + 30. Calculate w(q).
-7
Let s(b) = 4*b + 107. Let t be s(-27). Let n(o) = 6*o**2 - o - 1. What is n(t)?
6
Let n(v) = -3*v - 11. Let w(a) = 31. Let q(g) = 3*n(g) + 2*w(g). Give q(-9).
110
Let b(m) = -2*m**2 + 86*m + 187. Suppose -2497 - 7718 = -227*o. Calculate b(o).
7
Let d = -26 - -45. Suppose -805*l + 798*l + 49 = 0. Suppose d = -l*m + 61. Let p(i) = i**3 - 6*i**2 + 3. Determine p(m).
3
Let i(f) = -f**2 + 7*f**2 - 2*f**2 - 8*f + 0*f**2 + 1. Let n(j) = 7*j**2 - 15*j + 2. Let p(b) = 11*i(b) - 6*n(b). Let d = -65 - -67. Give p(d).
11
Let x be (11 - 8)*(-15)/(-9). Suppose -27 - 28 = 5*n - x*m, 2*n + 2 = -2*m. Let g(l) = -l**3 - 6*l**2 + l - 2. Determine g(n).
-8
Suppose -13*g + 1786 = -2673. Let j = g + -356. Let f(k) = k**3 + 14*k**2 + 12*k - 18. Determine f(j).
-5
Suppose -2*j - 24 + 104 = 0. Suppose 0*i + j = 8*i. Suppose i*a = -0 + 10. Let w(r) = -r**2 + 6*r - 3. What is w(a)?
5
Suppose -47*n + 8 = 4*d - 44*n, -4*d + 8 = n. Let s(t) = -9*t**d - 2 + 73*t - 6*t**2 - 76*t. Determine s(-1).
-14
Suppose -x = v - 1 - 4, 3*v + 25 = 5*x. Suppose v = -0*t - 5*t. Suppose 6*c - 15 - 3 = t. Let b(y) = -6*y. Calculate b(c).
-18
Let g(y) be the second derivative of -y**8/420 + y**6/360 + y**5/120 - 5*y**4/2 - y**2/2 + 42*y. Let p(k) be the third derivative of g(k). Determine p(-1).
15
Let b(u) be the first derivative of -u**3/3 + 23*u**2/2 - 90*u - 2281. Determine b(20).
-30
Let b = 30 + -35. Let a(y) = -y**3 - 4*y**2 + 7*y + 6. Let r be a(b). Let z(q) = 0*q + 3 - q + 2*q - 2. Give z(r).
-3
Let d(a) = 3*a**2 + 4*a**2 + 534*a + 3*a**2 - a**3 - 551*a - 5 + 0. What is d(8)?
-13
Suppose -2*f - 29*q - 27 = -30*q, 53 = -2*f + 3*q. Let s(l) = l**3 + 8*l**2 - 2. Let x(g) = -g**3 - 8*g**2 - g + 2. Let c(k) = -3*s(k) - 4*x(k). Give c(f).
19
Let f(x) = 19*x + 4. Let q(y) = -17*y - 3. Suppose -3 = -s - 5*p, 4*p = -0*p + 4. Let l(n) = s*f(n) - 3*q(n). Give l(-1).
-12
Let a(u) = 45*u + 262. Let l be a(-6). Let s(m) = -m**2 - 8*m + 1. Determine s(l).
1
Let g(n) = -2*n + 7. Let h be (-5)/1 + -1 + -1 + 3. Let b(m) = 12*m + 55. Let u be b(h). What is g(u)?
-7
Let t(d) = -4*d**3 + 48*d**2 - d + 24. Suppose 2*w - 3*z + 422 - 425 = 0, -w + 47 = 5*z. Give t(w).
12
Let a(x) = -2*x**2 - 4 + 4 + 13 + 3*x**2. Let h(j) = 2*j**3 - 21*j**2 - 34*j - 24. Let n be h(12). Give a(n).
13
Let v(c) = -9*c**2 + 81*c - 3. Suppose -5*w = -10*w + 31*w - 234. Calculate v(w).
-3
Let y = -135 - -140. Suppose 17 = t + 5*u, -y*u + 47 = -3*t - 2. Let l(o) = -o**2 - 11*o - 12. What is l(t)?
12
Let n = 140 - 98. Suppose -9*l - n = 39. Let y(k) be the first derivative of -k**3/3 - 9*k**2/2 + 11*k - 50. Calculate y(l).
11
Let h = -181 - -182. Let a(k) = -2*k - 1352 + 0*k + 1351. Determine a(h).
-3
Let f(t) be the first derivative of 11/2*t**2 + 0*t**3 + 4 + 0*t + 1/8*t**4. Let p(k) be the second derivative of f(k). What is p(2)?
6
Let b(a) = -12*a**2 + a + 1. Suppose -59*k + 28*k = -372. Suppose 50 - 62 = k*m. What is b(m)?
-12
Suppose 0 = j + 3*a - 186 + 178, 3*j + 2*a = 38. Let h(i) = -7*i + 29. What is h(j)?
-69
Let c(d) = -d**3 + 13*d**2 - 11*d - 15. Let i(n) = -4*n**2 - 121*n - 588. Let a be i(-24). Determine c(a).
-3
Let f = 76 + 34. Let m = f - 50. Let s(r) = 30*r - m*r - 4*r**3 + 2*r**2 + 31*r. Calculate s(-1).
5
Let k be 3 - 147/48 - 3219/464. Let x(w) = 6*w + 66. Calculate x(k).
24
Suppose -16*m = -23 - 9. Let n(f) = f**2 - 6*f + 6. Let h be n(m). Let x(q) = 13*q + 1. Calculate x(h).
-25
Let b(z) = 2 - 3*z - 314*z**2 + 159*z**2 + 156*z**2. Calculate b(0).
2
Let m(n) be the second derivative of n**3/6 - 29*n**2/2 + n + 1356. Give m(15).
-14
Let q(g) be the second derivative of g**5/20 - g**4/6 - 5*g**3/6 - 27*g**2 - 2512*g. Determine q(5).
-4
Let f(d) = 22 + 83 - 47 - 5*d - 47. Give f(3).
-4
Let t(h) = 237*h - 40. Let f(a) = 89*a - 14. Let v(l) = 8*f(l) - 3*t(l). What is v(8)?
16
Let d(b) = -29*b**2 - 2*b - 5. Let n(g) = -72*g**2 - 4*g - 10. Let h(m) = 5*d(m) - 2*n(m). Let q be -3 - 1 - 2/2. What is h(q)?
-20
Let c(u) = -u**3 + 4*u**2 + 3*u - 4. Suppose 4*j = 5*l + 340, 0 = 4*j - j - 4*l - 256. Let r = -75 + j. What is c(r)?
-14
Let u(n) = -n**3 - 29*n**2 - 29*n - 32. Suppose 0 = -8005*g + 8013*g + 224. Give u(g).
-4
Let z(k) = 2*k**2 + 8*k + 2. Let y(a) = 3*a**2 + 9*a + 1. Let f be -4 + 9/((-45)/(-70)). Suppose -3*m - 22 = -f. Let v(s) = m*z(s) + 3*y(s). Calculate v(5).
-5
Let i(h) = h - 2. Let y(s) = s - 2. Let p(u) = -5*i(u) + 6*y(u). Suppose -2*a + 11 = -j, 12*a - 51 - 9 = 4*j. Calculate p(j).
-5
Let t(i) = -46*i + 425. Let a(x) = 30*x - 281. Let s(p) = -8*a(p) - 5*t(p). Determine s(13).
-7
Let v(u) be the second derivative of -2*u**4/3 + u**3/2 - 3*u**2/2 - 1865*u. What is v(1)?
-8
Let u(l) be the third derivative of -l**6/120 + l**5/20 - l**4/12 + l**3/6 + 2*l**2 + 683*l. Determine u(2).
1
Let t(d) = 90*d**3 - d**2 - d - 1. Let c be t(-1). Let z = -89 - c. Let i(m) = -m**z - 6 - 11*m**3 + 6 + 6*m - 5*m. What is i(1)?
-11
Let g(i) = -i**2 + 7*i + 6. Let m(l) = l**2 - l - 9. Let w be m(4). Let a(j) = 8*j**2 + j - 10. Let t be a(w). Let u = t + -59. What is g(u)?
12
Let x(k) be the second derivative of 125 - 1/6*k**3 - 16*k**2 + k. Determine x(-26).
-6
Let h(j) be the first derivative of j**4/4 - 13*j**3/3 - j**2 - j - 592. Give h(13).
-27
Let k be 56/(-140) + (-34)/(-10). Let y(b) = -b + 0 + 6*b**3 - b**3 - b**k - 3*b**3 - 7 - 3*b**2. What is y(5)?
38
Let x(j) be the third derivative of -j**5/60 + j**4/4 - 7*j**3/3 - 38*j**2. Let w(m) be the first derivative of x(m). Give w(5).
-4
Let j(l) = l**3 + 3*l**2 - 12*l - 2. Let g be j(-5). Let x be -4*4*(-4)/g. Suppose 7 - x = b. Let d(u) = 6*u**2 + 1. Calculate d(b).
7
Let j be 1*12/(-15)*90/(-12). Let h(g) = -14*g**3 - 35*g**2 - 11*g - 30. Let l(x) = -5*x**3 - 12*x**2 - 4*x - 10. Let r(i) = -6*h(i) + 17*l(i). What is r(j)?
-2
Let r = -8 - -5. Let v(w) = 0*w - 1284 - 3*w + 640 + 637 - w. Calculate v(r).
5
Suppose 0 = 13*k - 139 - 17. Let g(z) = z**3 - 10*z**2 - 19*z - 64. Determine g(k).
-4
Let l(h) = 6*h + h**3 - 5039411 + 2*h**2 + 5039404 + 0*h**3. Determine l(3).
56
Let u = -31 - -22. Let d(w) be the first derivative of w**2/2 + 6*w + 137. What is d(u)?
-3
Suppose 7*d - 679 = -0*d. Let f = 98 - d. Let u(c) = c**2 + 2*c - 9*c*